, 109
Suppose 47*h + 305126 = 1505271. What are the prime factors of h?
5, 5107
Suppose -17*u + 232365 = -62977 + 33423. List the prime factors of u.
7, 31, 71
Let r be (-5)/2*-1*(-24)/(-20). Suppose 1 + 2 = -3*f - r*u, 5*u = 4*f - 5. List the prime factors of (-1)/(7 + f) + (-520)/(-14).
37
Suppose 0 = -t + 23284 - 6347. What are the prime factors of t?
16937
Suppose -n - 3*i + 37133 = 0, 2*n + 4*i + 111334 = 5*n. What are the prime factors of n?
2, 67, 277
Let v = 16380 + -9042. List the prime factors of v.
2, 3, 1223
Let x(u) = 1231*u + 1127. List the prime factors of x(40).
3, 103, 163
Let l = -4324 + 5620. List the prime factors of l.
2, 3
Let n = 92177 + -60270. What are the prime factors of n?
31907
Let l be 0 + (6 + 1)*1. Let q(t) = 212 - 4*t - 126 - 114 + 3*t**2. List the prime factors of q(l).
7, 13
Let s = -4763 + 8009. List the prime factors of s.
2, 3, 541
Let u be 14/(-8) + (-15670)/(-40). Suppose 0 = -3*a + 3*h + u, -3*a + 3*h + 261 = -a. List the prime factors of a.
3, 43
Let s(q) = -2*q**3 - 26*q**2 + 40*q + 122. What are the prime factors of s(-19)?
2, 1847
List the prime factors of (-1154)/5*(12 + -117).
2, 3, 7, 577
Suppose 514*v - 18717937 + 4600687 - 5617780 = 0. What are the prime factors of v?
5, 7, 1097
Let t = 49 - 19. Suppose -24*o + t = -29*o. Let z(s) = 2*s**2 - 5*s + 2. List the prime factors of z(o).
2, 13
Suppose 139*r - 2*i = 144*r - 95870, -4*r + 76708 = 4*i. What are the prime factors of r?
2, 4793
Suppose 0 = -534*c + 536*c + s - 3310, 2*c + 4*s - 3322 = 0. List the prime factors of c.
3, 19, 29
Let o = 10 - 16. Let k be (-2)/o + -1 + 60/9. List the prime factors of (16/(-3))/((-4)/k).
2
Let f = -12 + 11. Let z be ((-7)/(-14))/(f/(-58)). Suppose 5*y - z = 246. What are the prime factors of y?
5, 11
Let q be (0 - -2)*((-974)/4 - -3). Let d = q - -988. What are the prime factors of d?
3, 13
Suppose -21*b + 22043 = 3731. Let z = b - 483. List the prime factors of z.
389
Let z = -1 + 5. Let b be (1/(-2) + 2)*32/48. List the prime factors of b/z + (-3605)/(-28).
3, 43
Suppose 5*b - 39 = 11. Suppose -n = -6 + b. List the prime factors of 6/n + 215/2.
2, 53
Let z(s) = 6*s**2 + 11*s - 14. What are the prime factors of z(-9)?
373
Let g be (-3)/(6/(-11)) + 150/(-60). Suppose -g*z = -2*j - 0*z + 1711, 3*j - 2529 = -3*z. What are the prime factors of j?
2, 53
Let f(l) = -l**2 + 12*l + 13. Let w be f(13). Let v be 1*-1*(10 - 11) + w. List the prime factors of (v - 3 - -3)*61.
61
Let r be ((-12)/(-6))/2 - (-2148)/3. Let j = 2676 - r. List the prime factors of j.
3, 653
Suppose -u = 0, 0 = s - 4*s - 2*u + 27. Suppose 1428 = -2*w + s*w. What are the prime factors of w?
2, 3, 17
Suppose 0 = -27*q + 22*q - 515. Let p = q + 188. Suppose -425 = -5*i - p. What are the prime factors of i?
2, 17
Let t = 34973 - 22155. List the prime factors of t.
2, 13, 17, 29
Let f be (-66 - -73)*(-6)/(-7). Suppose 4*a = -k + 15, 6*k - 4*a = 2*k + 60. Suppose -12*q = -k*q + f. List the prime factors of q.
2
Let f(r) = 647*r**2 - 132*r - 999. What are the prime factors of f(-9)?
2, 3, 487
Suppose -3*z = 9, 5*x + z - 4*z - 29 = 0. Let s be -2 - -11 - 2 - 2. Suppose 5*v = 3*v + 4*u + 142, x*v = s*u + 293. List the prime factors of v.
7, 11
Let s(t) = -1905*t + 9. Let p be s(4). List the prime factors of p/(-27) - 1/(-9).
2, 3, 47
Let v = 10487 - -18056. What are the prime factors of v?
17, 23, 73
Let n = 79 + -76. Suppose 100 + 302 = -n*i. Let m = -52 - i. List the prime factors of m.
2, 41
Let t be ((-813)/12 - -2) + (-9)/36. Let q = -70 - t. Let x(s) = -s**3 - s**2 - 2*s + 5. List the prime factors of x(q).
61
Let y(t) = 9532*t + 475. What are the prime factors of y(1)?
10007
Suppose 4*g - 40 = 252. Let z = g + -71. Let u = 6 - z. List the prime factors of u.
2
Suppose 5*a - 7*a = -8*a. Suppose 5*g - 4*d - 3679 = a, 2*g + d = 739 + 743. List the prime factors of g.
739
Suppose 209*w - 7882484 - 13297162 = -3855636. What are the prime factors of w?
2, 3, 5, 307
Let q(n) = n**2 + 5*n - 30. Let p be q(-9). Suppose -7*f + u + 69 = -p*f, 5*f - 345 = u. List the prime factors of f.
3, 23
Suppose -17928 = -2*g - g. Suppose -5*h - 2156 = -g. What are the prime factors of h?
2, 191
Let q(k) = -k**2 + 2*k + 4. Let n be q(2). Let s(o) = o**3 - 3*o**2 - 5*o + 7. Let c be s(n). Let l(h) = 14*h**2 - h + 4. What are the prime factors of l(c)?
127
Suppose 46 = 4*m - 2*k, 4*k - 3*k = -4*m + 43. Let i be 21 + 2*14/(-7). Suppose 4*c - i = m. What are the prime factors of c?
7
Let k be 10/6*2 + (-1)/3. Suppose -3*o = -2*s, -3*s - k = -o - 10. Suppose -o*t - 80 + 242 = 0. List the prime factors of t.
3
Let l be (44/(-10))/(8/800). Let s = l + 769. What are the prime factors of s?
7, 47
Suppose 3*z - 86*r = -84*r + 32046, 0 = z + 4*r - 10654. What are the prime factors of z?
2, 19, 281
What are the prime factors of (-11 + 113 + 0)/((-2)/(-30))?
2, 3, 5, 17
Suppose v = 5*c - 295, -4*c + 3*v + 98 = -149. Let n = 58 - c. List the prime factors of 4 - n - 5 - -124.
3, 41
Let u(m) = 1442*m**2 + 34*m - 102. What are the prime factors of u(4)?
2, 3, 3851
Suppose -75*k + 14334 + 50135 = -18781. List the prime factors of k.
2, 3, 5, 37
Let i = -774 + 778. Suppose 34*r - 2*a - 3855 = 29*r, -5*r + 3885 = i*a. List the prime factors of r.
773
Let c(m) be the first derivative of m**4/4 + m**3 + 11*m**2/2 - 11*m + 3. Let h(w) = -18*w - 121. Let j be h(-7). List the prime factors of c(j).
2, 61
Let l be 430/4*(12/(-10))/1. Let k(i) = -i**3 + 228. Let m be k(0). Let x = l + m. What are the prime factors of x?
3, 11
Let z be 382316/14 + 140/(-490). Suppose -61*j - z + 124420 = 0. List the prime factors of j.
2, 199
Suppose -7*j + 6*j + 2 = -o, -5*j + 10 = 3*o. Suppose -7*d + 2597 = -o*d. List the prime factors of d.
7, 53
Suppose -4 = 2*n, f - 2*n - 249 = 54. Let i = f - -811. List the prime factors of i.
2, 3, 5, 37
Let q(p) = -1433*p - 1582. What are the prime factors of q(-38)?
2, 3, 2203
Suppose 5*w = -3*o - 45 + 42, 5*w - 4*o = 4. Suppose w = 7*x - 4666 - 4616. What are the prime factors of x?
2, 3, 13, 17
Let d(f) = -3940*f + 136. Let p be d(8). What are the prime factors of (-5)/((-90)/4) + p/(-36)?
2, 109
Let r(t) = t**3 + 12*t**2 + 6*t - 5. Let i be r(-8). Suppose -3*h - 4*m - 7 + i = 0, -3*m = -12. List the prime factors of h.
2, 3, 5
What are the prime factors of (-21)/(-30) + (-18)/30 - (-4154685)/150?
2, 11, 1259
Let q(f) = 4*f - 28. Let h be q(8). Let t be 1542/h + -1 - (-57)/(-38). Suppose t = 5*k - 247. What are the prime factors of k?
2, 3, 7
Let s be 113 - (-4)/((-20)/(-12) - 3). Suppose -w + 4*o = s, 2*w + o + 170 = -o. Let j = w - -118. What are the prime factors of j?
2, 7
Let x(f) = -f - 9. Let w be x(-13). List the prime factors of (w - -1) + 123 + (3 - 9).
2, 61
Let x(j) = -20 + 37 - 19 - j + j**2. Let r be x(2). Suppose -3*v + 145 = y, r*y + 4*y - 616 = -3*v. List the prime factors of y.
157
Suppose -4*t = -5*y - 232, 5*t - y = -5*y + 290. Suppose -124 = 3*f + 2*k, 2*f + 46*k - 42*k + 72 = 0. Let i = t + f. What are the prime factors of i?
2, 7
Let y = 956 + -500. Let a = 295 - y. Let r = 96 - a. What are the prime factors of r?
257
Let a = 48 - 16. Suppose -h = 4*w - 415, -2*h - 3*h + 99 = w. Let i = w - a. List the prime factors of i.
2, 3
Suppose 3*j = 3*o + 6237, -8*j - 6251 = -11*j + 5*o. List the prime factors of j.
2, 7, 37
Let i(g) = -12820*g - 2249. What are the prime factors of i(-7)?
87491
Let v = 330 + 153. Suppose 35*w - 42*w = -v. List the prime factors of w.
3, 23
Let v(d) = 5*d - 21 + 48 - 3 + 34. Let n be v(-9). Suppose -17*g + 604 = -n*g. List the prime factors of g.
151
Suppose 0 = -5*a - 20, 5*g - 2*a - 8 = g. Suppose -4 = 4*y, s + g*y - 2*y - 20 = 0. Suppose 5*c - s = 2*c. List the prime factors of c.
2, 3
Let b(v) = 692*v + 138. What are the prime factors of b(8)?
2, 2837
Suppose 4*l + 0*d - 2*d = 32, -26 = -l - 4*d. Suppose 10 = 4*p - l. Suppose p*y - 385 = 505. List the prime factors of y.
2, 89
Suppose -4*d = 12, 0 = -10*o + 8*o - 4*d - 368. Let v = o + 350. What are the prime factors of v?
2, 43
Suppose 0 = -11*c - 312059 + 918038. What are the prime factors of c?
3, 6121
List the prime factors of 50884 - (-1*2*(-5)/2 + -5).
2, 12721
Let l(n) = 20*n + 27. Let k be l(17). Let y = k - -523. What are the prime factors of y?
2, 5, 89
